ivided by 1287.
319
Calculate the remainder when 171539 is divided by 11353.
1244
Calculate the remainder when 24550337 is divided by 2498.
2491
What is the remainder when 9578314 is divided by 10549?
10371
Calculate the remainder when 78388 is divided by 6552.
6316
What is the remainder when 367153 is divided by 72096?
6673
Calculate the remainder when 36910 is divided by 115.
110
Calculate the remainder when 311598 is divided by 44275.
1673
What is the remainder when 1102755 is divided by 643?
10
What is the remainder when 44987 is divided by 1397?
283
Calculate the remainder when 200999 is divided by 410.
99
Calculate the remainder when 636738 is divided by 261.
159
Calculate the remainder when 2557819 is divided by 1047.
1045
What is the remainder when 2026732 is divided by 1539?
1408
Calculate the remainder when 2991082 is divided by 40420.
2
Calculate the remainder when 365113 is divided by 8950.
7113
Calculate the remainder when 32090 is divided by 7654.
1474
Calculate the remainder when 40531 is divided by 7976.
651
Calculate the remainder when 34392 is divided by 6341.
2687
What is the remainder when 1160112 is divided by 1408?
1328
Calculate the remainder when 129404 is divided by 4380.
2384
Calculate the remainder when 9568 is divided by 2862.
982
Calculate the remainder when 286204 is divided by 896.
380
Calculate the remainder when 32747028 is divided by 2977.
28
What is the remainder when 14145 is divided by 2555?
1370
Calculate the remainder when 22930426 is divided by 896.
890
Calculate the remainder when 1730201 is divided by 141.
131
What is the remainder when 9513720 is divided by 1?
0
What is the remainder when 15061 is divided by 356?
109
What is the remainder when 383803 is divided by 7107?
25
What is the remainder when 2128084 is divided by 4?
0
What is the remainder when 63479433 is divided by 1007610?
3
Calculate the remainder when 7275875 is divided by 1631.
1615
What is the remainder when 12861993 is divided by 5919?
6
What is the remainder when 102740 is divided by 11211?
1841
Calculate the remainder when 4768193 is divided by 653.
640
Calculate the remainder when 1255985 is divided by 179347.
556
Calculate the remainder when 15549379 is divided by 463.
450
What is the remainder when 46168823 is divided by 30965?
8
Calculate the remainder when 398683 is divided by 321.
1
What is the remainder when 6434906 is divided by 2135?
16
Calculate the remainder when 147222 is divided by 8571.
1515
Calculate the remainder when 5649559 is divided by 327.
307
What is the remainder when 11801689 is divided by 781?
779
What is the remainder when 126271 is divided by 748?
607
What is the remainder when 163995 is divided by 603?
582
Calculate the remainder when 42122 is divided by 184.
170
Calculate the remainder when 4511858 is divided by 73.
20
What is the remainder when 503593 is divided by 5658?
31
Calculate the remainder when 10743494 is divided by 245.
244
Calculate the remainder when 260543 is divided by 53.
48
What is the remainder when 25341 is divided by 12313?
715
Calculate the remainder when 3677465 is divided by 222.
35
What is the remainder when 221242701 is divided by 12?
9
Calculate the remainder when 6011444 is divided by 1662.
1652
What is the remainder when 182549 is divided by 335?
309
What is the remainder when 5634331 is divided by 1408546?
147
What is the remainder when 3558090 is divided by 1779021?
48
What is the remainder when 3954535 is divided by 82386?
7
Calculate the remainder when 9215053 is divided by 2358.
2347
Calculate the remainder when 234677566 is divided by 259.
256
Calculate the remainder when 611571 is divided by 697.
302
What is the remainder when 1842330 is divided by 614067?
129
What is the remainder when 8463011 is divided by 2085?
2081
What is the remainder when 52447205 is divided by 47?
46
Calculate the remainder when 48555432 is divided by 69.
63
What is the remainder when 10804030 is divided by 457?
93
What is the remainder when 16228558 is divided by 5409490?
88
What is the remainder when 262466 is divided by 262272?
194
What is the remainder when 4318511 is divided by 715?
626
What is the remainder when 157137 is divided by 4243?
146
What is the remainder when 101290 is divided by 9579?
5500
Calculate the remainder when 388423 is divided by 158.
59
What is the remainder when 973390 is divided by 486545?
300
What is the remainder when 36091 is divided by 448?
251
Calculate the remainder when 175123 is divided by 1751.
23
What is the remainder when 279703079 is divided by 1412?
1411
Calculate the remainder when 8756 is divided by 2416.
1508
What is the remainder when 9750352 is divided by 1625056?
16
Calculate the remainder when 513051 is divided by 24431.
0
What is the remainder when 16481 is divided by 4907?
1760
What is the remainder when 2863713 is divided by 1279?
32
Calculate the remainder when 35842 is divided by 673.
173
What is the remainder when 284412 is divided by 259?
30
Calculate the remainder when 2009938 is divided by 656.
610
What is the remainder when 13756658 is divided by 5380?
5378
Calculate the remainder when 359390 is divided by 408.
350
Calculate the remainder when 18884045 is divided by 314734.
5
What is the remainder when 7743579 is divided by 7743560?
19
Calculate the remainder when 173366 is divided by 41.
18
Calculate the remainder when 90287202 is divided by 49.
47
What is the remainder when 6153699 is divided by 406?
363
Calculate the remainder when 212213683 is divided by 13.
6
What is the remainder when 1300719 is divided by 17?
15
What is the remainder when 341933 is divided by 68265?
608
What is the remainder when 2453909 is divided by 780?
29
What is the remainder when 57249 is divided by 1127?
899
Calculate the remainder when 418858 is divided by 19918.
580
What is the remainder when 998108 is divided by 4822?
4776
What is the remainder when 12895992 is divided by 6?
0
Calculate the remainder when 298634 is divided by 74651.
30
Calculate the remainder when 302963 is divided by 696.
203
Calculate the remainder when 145205 is divided by 72571.
63
Calculate the remainder when 1478414 is divided by 1478400.
14
What is the remainder when 16664268 is divided by 16664251?
17
Calculate the remainder when 593474 is divided by 75.
74
What is the remainder when 289870458 is divided by 52?
46
What is the remainder when 10117955 is divided by 153302?
23
Calculate the remainder when 76180 is divided by 170.
20
Calculate the remainder when 3543896 is divided by 613.
143
What is the remainder when 13137072 is divided by 64?
48
Calculate the remainder when 134267 is divided by 66991.
285
Calculate the remainder when 3515518 is divided by 3514950.
568
What is the remainder when 691702 is divided by 1?
0
Calculate the remainder when 147609 is divided by 36901.
5
What is the remainder when 43277 is divided by 3448?
1901
What is the remainder when 5809675 is divided by 4644?
31
What is the remainder when 4639442 is divided by 115?
112
Calculate the remainder when 7994268 is divided by 3997111.
46
Calculate the remainder when 8525910 is divided by 118415.
30
Calculate the remainder when 11214451 is divided by 3418.
3411
Calculate the remainder when 894249 is divided by 89424.
9
What is the remainder when 864353 is divided by 223?
5
Calculate the remainder when 3391659 is divided by 11.
7
What is the remainder when 237072 is divided by 220088?
16984
Calculate the remainder when 109745 is divided by 136.
129
Calculate the remainder when 254264456 is divided by 14.
12
Calculate the remainder when 668321 is divided by 334154.
13
Calculate the remainder when 3598171 is divided by 599694.
7
What is the remainder when 2001338 is divided by 500328?
26
Calculate the remainder when 406515 is divided by 101579.
199
What is the remainder when 932226 is divided by 492?
378
What is the remainder when 266127 is divided by 20439?
420
Calculate the remainder when 26191 is divided by 8590.
421
What is the remainder when 122848 is divided by 496?
336
What is the remainder when 3663441 is divided by 1679?
1542
Calculate the remainder when 3745852 is divided by 822.
820
Calculate the remainder when 7549950 is divided by 722.
718
What is the remainder when 18454123 is divided by 431?
4